{"id":5671,"date":"2018-01-25T13:54:14","date_gmt":"2018-01-25T12:54:14","guid":{"rendered":"http:\/\/slivnica.splet.arnes.si\/?page_id=5671"},"modified":"2018-02-04T21:29:59","modified_gmt":"2018-02-04T20:29:59","slug":"mreza-gozdnih-vrtcev-in-sol-slovenije","status":"publish","type":"page","link":"https:\/\/www.os-slivnica.si\/?page_id=5671","title":{"rendered":"Mre\u017ea gozdnih vrtcev in \u0161ol Slovenije"},"content":{"rendered":"<p><a href=\"http:\/\/slivnica.splet.arnes.si\/files\/2018\/01\/logo_mreza_RGB.jpg\"><img loading=\"lazy\" decoding=\"async\" class=\"alignnone size-medium wp-image-5717\" src=\"http:\/\/slivnica.splet.arnes.si\/files\/2018\/01\/logo_mreza_RGB-300x158.jpg\" alt=\"\" width=\"300\" height=\"158\" srcset=\"https:\/\/www.os-slivnica.si\/files\/2018\/01\/logo_mreza_RGB-300x158.jpg 300w, https:\/\/www.os-slivnica.si\/files\/2018\/01\/logo_mreza_RGB-768x403.jpg 768w, https:\/\/www.os-slivnica.si\/files\/2018\/01\/logo_mreza_RGB-1024x538.jpg 1024w, https:\/\/www.os-slivnica.si\/files\/2018\/01\/logo_mreza_RGB-1080x567.jpg 1080w, https:\/\/www.os-slivnica.si\/files\/2018\/01\/logo_mreza_RGB.jpg 1636w\" sizes=\"(max-width: 300px) 100vw, 300px\" \/><\/a><\/p>\n<p><strong>Podru\u017eni\u010dna \u0161ola Prevorje <\/strong>je \u010dlanica <a href=\"http:\/\/gozdna-pedagogika.si\/?page_id=2023\"><em>Mre\u017ee gozdnih vrtcev in \u0161ol<\/em><\/a>, s katero upravlja In\u0161titut za gozdno pedagogiko in ima podporo pri Zavodu RS za \u0161olstvo.<\/p>\n<p>Kot \u010dlani Mre\u017ee gozdnih vrtcev in \u0161ol Slovenije spodbujamo kreativnost, inovativnost, radovednost, sodelovanje in odli\u010dnost na\u0161ih otrok. Te\u017eimo k temu, da postane gozd s \u0161tevilnimi pozitivnimi u\u010dinki samoumeven del vsakodnevnih dejavnosti in ne le ena od mnogoterih mo\u017enosti, ki so otrokom le ob\u010dasno na voljo. U\u010ditelji redno obiskujemo z u\u010denci bli\u017enji gozd in obenem i\u0161\u010demo pot nazaj k naravi, k ve\u010dji svobodi gibanja in razmi\u0161ljanja, ki smo ga v\u010dasih \u017ee poznali, a ga je izrinil sodoben na\u010din \u017eivljenja.<\/p>\n<p>Gozdne \u0161ole ponujamo otrokom odmik od dana\u0161nje standardizirane vzgoje in pou\u010devanja.Pri doseganju splo\u0161nih vzgojno-izobra\u017eevalnih ciljev sledimo otrokovim naravnim zna\u010dilnostim in potrebam odra\u0161\u010danja: gibanje, iskanje izzivov, ki so potrebni za razvoj nevrolo\u0161kega sistema, svoboda, prosta igra, gradnja socialnih odnosov \u2026 To je pou\u010devanje, ki prina\u0161a nove prilo\u017enosti, ve\u010d avtonomije, vse\u017eivljenjsko u\u010denje, raziskovanje, odkrivanje bogastva virov, samozavest, samozaupanje, ustvarjalnost in pozitivno u\u010dno klimo. Vse na\u0161teto velja tako za pedago\u0161ke delavce kot otroke.<\/p>\n<p>V na\u0161i \u0161oli je <strong>gozdna pedagogika del vsakdana \u017ee od nekdaj<\/strong>. \u0160ola stoji sredi narave, dale\u010d stran od prometa in industrije, tako da je gozd na dosegu roke.<\/p>\n<p>Pred leti, ko \u0161e nismo poznali IKT, smo bili v gozdu ali na travniku vsak dan, saj je bila to na\u0161a interaktivna u\u010dilnica in telovadnica. Danes pa je sodobna tehnologija odvrnila ljudi od narave &#8211; podobno je tudi v \u0161olah, saj nas interaktivni u\u010dbeniki &#8220;silijo&#8221; k sedenju, gledanju v i-table ali tablice. Toda na u\u010ditelju sloni odlo\u010ditev, kako bo pou\u010deval! In pri nas smo <strong>u\u010diteljice naklonjene naravi kot u\u010diteljici<\/strong>, zato \u0161e vedno koristimo naravne danosti, ki jih otroci lahko zaznavajo z vsemi \u010dutili. Otroci so zelo radi v gozdu in tudi s star\u0161i \u0161e nismo imeli te\u017eav. Ne kompliciramo s klopi in ka\u010dami, saj so ti sestavni del na\u0161ega \u017eivljenja.<\/p>\n<p>Na na\u0161i \u0161oli vodi projekt<em> <strong>Martina Kosaber Gril<\/strong>, martina.kosaber@slivnica.si, ki je zadol\u017eena za koordinacijo.<\/em><\/p>\n<p><strong>Fotoutrip<\/strong> na\u0161ih gozdnih dogodiv\u0161\u010din<\/p>\n<p><a href=\"http:\/\/slivnica.splet.arnes.si\/files\/2018\/01\/mreza-gozdnih-\u0161ol-1.jpg\">\u00a0\u00a0\u00a0\u00a0\u00a0\u00a0\u00a0\u00a0\u00a0\u00a0\u00a0\u00a0\u00a0 <img loading=\"lazy\" decoding=\"async\" class=\"alignnone size-medium wp-image-5721\" src=\"http:\/\/slivnica.splet.arnes.si\/files\/2018\/01\/mreza-gozdnih-\u0161ol-1-225x300.jpg\" alt=\"\" width=\"225\" height=\"300\" srcset=\"https:\/\/www.os-slivnica.si\/files\/2018\/01\/mreza-gozdnih-\u0161ol-1-225x300.jpg 225w, https:\/\/www.os-slivnica.si\/files\/2018\/01\/mreza-gozdnih-\u0161ol-1.jpg 634w\" sizes=\"(max-width: 225px) 100vw, 225px\" \/><\/a>\u00a0\u00a0\u00a0\u00a0\u00a0\u00a0\u00a0\u00a0\u00a0\u00a0\u00a0\u00a0\u00a0\u00a0\u00a0\u00a0\u00a0\u00a0\u00a0\u00a0\u00a0\u00a0\u00a0\u00a0\u00a0\u00a0\u00a0\u00a0\u00a0\u00a0\u00a0\u00a0\u00a0\u00a0 :<a href=\"http:\/\/slivnica.splet.arnes.si\/files\/2018\/01\/mreze-gozdnih-\u0161ol-2.jpg\"><img loading=\"lazy\" decoding=\"async\" class=\"alignnone size-medium wp-image-5723\" src=\"http:\/\/slivnica.splet.arnes.si\/files\/2018\/01\/mreze-gozdnih-\u0161ol-2-225x300.jpg\" alt=\"\" width=\"225\" height=\"300\" srcset=\"https:\/\/www.os-slivnica.si\/files\/2018\/01\/mreze-gozdnih-\u0161ol-2-225x300.jpg 225w, https:\/\/www.os-slivnica.si\/files\/2018\/01\/mreze-gozdnih-\u0161ol-2.jpg 639w\" sizes=\"(max-width: 225px) 100vw, 225px\" \/><\/a><\/p>\n<p>Slika 1 Radi objemamo drevesa, se pove\u017eemo z naravo\u00a0\u00a0\u00a0 \u00a0 \u00a0 \u00a0 \u00a0 \u00a0 \u00a0 \u00a0 \u00a0\u00a0 Slika 2 Tek v klanec<\/p>\n<p><a href=\"http:\/\/slivnica.splet.arnes.si\/files\/2018\/01\/mreza-gozdnih-\u0161ol-3.jpg\">\u00a0\u00a0\u00a0 <img loading=\"lazy\" decoding=\"async\" class=\"alignnone size-medium wp-image-5719\" src=\"http:\/\/slivnica.splet.arnes.si\/files\/2018\/01\/mreza-gozdnih-\u0161ol-3-300x225.jpg\" alt=\"\" width=\"300\" height=\"225\" srcset=\"https:\/\/www.os-slivnica.si\/files\/2018\/01\/mreza-gozdnih-\u0161ol-3-300x225.jpg 300w, https:\/\/www.os-slivnica.si\/files\/2018\/01\/mreza-gozdnih-\u0161ol-3-768x577.jpg 768w, https:\/\/www.os-slivnica.si\/files\/2018\/01\/mreza-gozdnih-\u0161ol-3-510x382.jpg 510w, https:\/\/www.os-slivnica.si\/files\/2018\/01\/mreza-gozdnih-\u0161ol-3.jpg 775w\" sizes=\"(max-width: 300px) 100vw, 300px\" \/><\/a>\u00a0\u00a0\u00a0 \u00a0 \u00a0 \u00a0 \u00a0 \u00a0 \u00a0 \u00a0 \u00a0\u00a0\u00a0\u00a0\u00a0\u00a0\u00a0\u00a0\u00a0\u00a0\u00a0\u00a0\u00a0 <a href=\"http:\/\/slivnica.splet.arnes.si\/files\/2018\/01\/mreza-gozdnih-\u0161ol-4.jpg\"><img loading=\"lazy\" decoding=\"async\" class=\"alignnone size-medium wp-image-5725\" src=\"http:\/\/slivnica.splet.arnes.si\/files\/2018\/01\/mreza-gozdnih-\u0161ol-4-300x225.jpg\" alt=\"\" width=\"300\" height=\"225\" srcset=\"https:\/\/www.os-slivnica.si\/files\/2018\/01\/mreza-gozdnih-\u0161ol-4-300x225.jpg 300w, https:\/\/www.os-slivnica.si\/files\/2018\/01\/mreza-gozdnih-\u0161ol-4-768x576.jpg 768w, https:\/\/www.os-slivnica.si\/files\/2018\/01\/mreza-gozdnih-\u0161ol-4-510x382.jpg 510w, https:\/\/www.os-slivnica.si\/files\/2018\/01\/mreza-gozdnih-\u0161ol-4.jpg 836w\" sizes=\"(max-width: 300px) 100vw, 300px\" \/><\/a><\/p>\n<p>Slika 3 Lokalni gozdar nam posreduje zanimive informacije\u00a0\u00a0\u00a0\u00a0\u00a0\u00a0\u00a0\u00a0\u00a0 \u00a0 \u00a0 \u00a0 \u00a0 \u00a0 \u00a0 \u00a0\u00a0 \u00a0 Slika 4 U\u010dimo se v objemu ne\u017enega zelenja<\/p>\n","protected":false},"excerpt":{"rendered":"<p>Podru\u017eni\u010dna \u0161ola Prevorje je \u010dlanica Mre\u017ee gozdnih vrtcev in \u0161ol, s katero upravlja In\u0161titut za gozdno pedagogiko in ima podporo pri Zavodu RS za \u0161olstvo. Kot \u010dlani Mre\u017ee gozdnih vrtcev in \u0161ol Slovenije spodbujamo kreativnost, inovativnost, radovednost, sodelovanje in odli\u010dnost na\u0161ih otrok. Te\u017eimo k temu, da postane gozd s \u0161tevilnimi pozitivnimi u\u010dinki samoumeven del vsakodnevnih [&hellip;]<\/p>\n","protected":false},"author":351,"featured_media":0,"parent":0,"menu_order":0,"comment_status":"closed","ping_status":"closed","template":"","meta":{"_et_pb_use_builder":"","_et_pb_old_content":"","_et_gb_content_width":"","ngg_post_thumbnail":0,"footnotes":"","_expiration-date-status":"","_expiration-date":0,"_expiration-date-type":"","_expiration-date-categories":[],"_expiration-date-options":[]},"class_list":["post-5671","page","type-page","status-publish","hentry"],"_links":{"self":[{"href":"https:\/\/www.os-slivnica.si\/index.php?rest_route=\/wp\/v2\/pages\/5671","targetHints":{"allow":["GET"]}}],"collection":[{"href":"https:\/\/www.os-slivnica.si\/index.php?rest_route=\/wp\/v2\/pages"}],"about":[{"href":"https:\/\/www.os-slivnica.si\/index.php?rest_route=\/wp\/v2\/types\/page"}],"author":[{"embeddable":true,"href":"https:\/\/www.os-slivnica.si\/index.php?rest_route=\/wp\/v2\/users\/351"}],"replies":[{"embeddable":true,"href":"https:\/\/www.os-slivnica.si\/index.php?rest_route=%2Fwp%2Fv2%2Fcomments&post=5671"}],"version-history":[{"count":4,"href":"https:\/\/www.os-slivnica.si\/index.php?rest_route=\/wp\/v2\/pages\/5671\/revisions"}],"predecessor-version":[{"id":5729,"href":"https:\/\/www.os-slivnica.si\/index.php?rest_route=\/wp\/v2\/pages\/5671\/revisions\/5729"}],"wp:attachment":[{"href":"https:\/\/www.os-slivnica.si\/index.php?rest_route=%2Fwp%2Fv2%2Fmedia&parent=5671"}],"curies":[{"name":"wp","href":"https:\/\/api.w.org\/{rel}","templated":true}]}}

Mreža gozdnih vrtcev in šol Slovenije

<p><a href="http://slivnica.splet.arnes.si/files/2018/01/logo_mreza_RGB.jpg"><img loading="lazy" decoding="async" class="alignnone size-medium wp-image-5717" src="http://slivnica.splet.arnes.si/files/2018/01/logo_mreza_RGB-300x158.jpg" alt="" width="300" height="158" srcset="https://www.os-slivnica.si/files/2018/01/logo_mreza_RGB-300x158.jpg 300w, https://www.os-slivnica.si/files/2018/01/logo_mreza_RGB-768x403.jpg 768w, https://www.os-slivnica.si/files/2018/01/logo_mreza_RGB-1024x538.jpg 1024w, https://www.os-slivnica.si/files/2018/01/logo_mreza_RGB-1080x567.jpg 1080w, https://www.os-slivnica.si/files/2018/01/logo_mreza_RGB.jpg 1636w" sizes="(max-width: 300px) 100vw, 300px" /></a></p>
<p><strong>Podružnična šola Prevorje </strong>je članica <a href="http://gozdna-pedagogika.si/?page_id=2023"><em>Mreže gozdnih vrtcev in šol</em></a>, s katero upravlja Inštitut za gozdno pedagogiko in ima podporo pri Zavodu RS za šolstvo.</p>
<p>Kot člani Mreže gozdnih vrtcev in šol Slovenije spodbujamo kreativnost, inovativnost, radovednost, sodelovanje in odličnost naših otrok. Težimo k temu, da postane gozd s številnimi pozitivnimi učinki samoumeven del vsakodnevnih dejavnosti in ne le ena od mnogoterih možnosti, ki so otrokom le občasno na voljo. Učitelji redno obiskujemo z učenci bližnji gozd in obenem iščemo pot nazaj k naravi, k večji svobodi gibanja in razmišljanja, ki smo ga včasih že poznali, a ga je izrinil sodoben način življenja.</p>
<p>Gozdne šole ponujamo otrokom odmik od današnje standardizirane vzgoje in poučevanja.Pri doseganju splošnih vzgojno-izobraževalnih ciljev sledimo otrokovim naravnim značilnostim in potrebam odraščanja: gibanje, iskanje izzivov, ki so potrebni za razvoj nevrološkega sistema, svoboda, prosta igra, gradnja socialnih odnosov … To je poučevanje, ki prinaša nove priložnosti, več avtonomije, vseživljenjsko učenje, raziskovanje, odkrivanje bogastva virov, samozavest, samozaupanje, ustvarjalnost in pozitivno učno klimo. Vse našteto velja tako za pedagoške delavce kot otroke.</p>
<p>V naši šoli je <strong>gozdna pedagogika del vsakdana že od nekdaj</strong>. Šola stoji sredi narave, daleč stran od prometa in industrije, tako da je gozd na dosegu roke.</p>
<p>Pred leti, ko še nismo poznali IKT, smo bili v gozdu ali na travniku vsak dan, saj je bila to naša interaktivna učilnica in telovadnica. Danes pa je sodobna tehnologija odvrnila ljudi od narave &#8211; podobno je tudi v šolah, saj nas interaktivni učbeniki &#8220;silijo&#8221; k sedenju, gledanju v i-table ali tablice. Toda na učitelju sloni odločitev, kako bo poučeval! In pri nas smo <strong>učiteljice naklonjene naravi kot učiteljici</strong>, zato še vedno koristimo naravne danosti, ki jih otroci lahko zaznavajo z vsemi čutili. Otroci so zelo radi v gozdu in tudi s starši še nismo imeli težav. Ne kompliciramo s klopi in kačami, saj so ti sestavni del našega življenja.</p>
<p>Na naši šoli vodi projekt<em> <strong>Martina Kosaber Gril</strong>, martina.kosaber@slivnica.si, ki je zadolžena za koordinacijo.</em></p>
<p><strong>Fotoutrip</strong> naših gozdnih dogodivščin</p>
<p><a href="http://slivnica.splet.arnes.si/files/2018/01/mreza-gozdnih-šol-1.jpg">              <img loading="lazy" decoding="async" class="alignnone size-medium wp-image-5721" src="http://slivnica.splet.arnes.si/files/2018/01/mreza-gozdnih-šol-1-225x300.jpg" alt="" width="225" height="300" srcset="https://www.os-slivnica.si/files/2018/01/mreza-gozdnih-šol-1-225x300.jpg 225w, https://www.os-slivnica.si/files/2018/01/mreza-gozdnih-šol-1.jpg 634w" sizes="(max-width: 225px) 100vw, 225px" /></a>                                   :<a href="http://slivnica.splet.arnes.si/files/2018/01/mreze-gozdnih-šol-2.jpg"><img loading="lazy" decoding="async" class="alignnone size-medium wp-image-5723" src="http://slivnica.splet.arnes.si/files/2018/01/mreze-gozdnih-šol-2-225x300.jpg" alt="" width="225" height="300" srcset="https://www.os-slivnica.si/files/2018/01/mreze-gozdnih-šol-2-225x300.jpg 225w, https://www.os-slivnica.si/files/2018/01/mreze-gozdnih-šol-2.jpg 639w" sizes="(max-width: 225px) 100vw, 225px" /></a></p>
<p>Slika 1 Radi objemamo drevesa, se povežemo z naravo                     Slika 2 Tek v klanec</p>
<p><a href="http://slivnica.splet.arnes.si/files/2018/01/mreza-gozdnih-šol-3.jpg">    <img loading="lazy" decoding="async" class="alignnone size-medium wp-image-5719" src="http://slivnica.splet.arnes.si/files/2018/01/mreza-gozdnih-šol-3-300x225.jpg" alt="" width="300" height="225" srcset="https://www.os-slivnica.si/files/2018/01/mreza-gozdnih-šol-3-300x225.jpg 300w, https://www.os-slivnica.si/files/2018/01/mreza-gozdnih-šol-3-768x577.jpg 768w, https://www.os-slivnica.si/files/2018/01/mreza-gozdnih-šol-3-510x382.jpg 510w, https://www.os-slivnica.si/files/2018/01/mreza-gozdnih-šol-3.jpg 775w" sizes="(max-width: 300px) 100vw, 300px" /></a>                                <a href="http://slivnica.splet.arnes.si/files/2018/01/mreza-gozdnih-šol-4.jpg"><img loading="lazy" decoding="async" class="alignnone size-medium wp-image-5725" src="http://slivnica.splet.arnes.si/files/2018/01/mreza-gozdnih-šol-4-300x225.jpg" alt="" width="300" height="225" srcset="https://www.os-slivnica.si/files/2018/01/mreza-gozdnih-šol-4-300x225.jpg 300w, https://www.os-slivnica.si/files/2018/01/mreza-gozdnih-šol-4-768x576.jpg 768w, https://www.os-slivnica.si/files/2018/01/mreza-gozdnih-šol-4-510x382.jpg 510w, https://www.os-slivnica.si/files/2018/01/mreza-gozdnih-šol-4.jpg 836w" sizes="(max-width: 300px) 100vw, 300px" /></a></p>
<p>Slika 3 Lokalni gozdar nam posreduje zanimive informacije                           Slika 4 Učimo se v objemu nežnega zelenja</p>

<p>Podružnična šola Prevorje je članica Mreže gozdnih vrtcev in šol, s katero upravlja Inštitut za gozdno pedagogiko in ima podporo pri Zavodu RS za šolstvo. Kot člani Mreže gozdnih vrtcev in šol Slovenije spodbujamo kreativnost, inovativnost, radovednost, sodelovanje in odličnost naših otrok. Težimo k temu, da postane gozd s številnimi pozitivnimi učinki samoumeven del vsakodnevnih [&hellip;]</p>
